**2 + 18*o - 11. What is f(12)?
-1667
Let l(w) = -6205*w + 55169. Calculate l(9).
-676
Let n(c) = 980*c + 9180. Determine n(-10).
-620
Let m(s) = -376*s + 35384. Give m(94).
40
Let z(s) = s**2 + 40426*s - 161716. What is z(4)?
4
Let i(h) = 5*h**3 + 864*h**2 - 176*h - 4899. What is i(-173)?
-4380
Let j(o) = 20*o**2 + 399*o - 1659. Give j(4).
257
Let i(t) = -2*t**3 - 114*t**2 + 670*t + 38194. Determine i(-57).
4
Let v(z) = 35256*z + 9695403. What is v(-275)?
3
Let h(s) = s**2 + 57861*s + 2775034. Calculate h(-48).
10
Let t(j) = 67971*j - 135954. Determine t(2).
-12
Let k(s) = -3*s**2 + 316*s - 1662. Calculate k(99).
219
Let o(u) = -351*u + 71207. What is o(203)?
-46
Let t(m) = -8*m**3 + 422*m**2 + 78*m + 1436. Calculate t(53).
-48
Let b(i) = 39*i**2 - 200*i - 23. Determine b(8).
873
Let s(n) = -560*n - 1219. Calculate s(0).
-1219
Let i(t) = -73*t**2 - 3934*t - 10752. Determine i(-51).
9
Let w(i) = 151*i - 26126. Give w(178).
752
Let g(r) = -82047*r + 1558885. Give g(19).
-8
Let o(i) = 94245*i - 13. Calculate o(0).
-13
Let t(c) = 559*c + 8028. What is t(-14)?
202
Let g(z) = -45825*z + 183313. Give g(4).
13
Let b(o) = o**2 - 6182*o + 945942. Calculate b(157).
17
Let b(m) = -m**3 - 543*m**2 + 316290*m - 760. Give b(353).
-54
Let i(c) = -9*c**2 - 8*c + 175. Determine i(6).
-197
Let a(c) = -12*c**2 + 175*c - 2176. Determine a(16).
-2448
Let g(z) = -2*z**3 + 28*z**2 + 670*z - 9450. What is g(14)?
-70
Let r(v) = 18*v**2 - 106*v - 823. Determine r(10).
-83
Let d(g) = -g**2 - 8*g + 1987. Give d(48).
-701
Let a(k) = -k**3 - 4*k**2 + 126*k - 560. Calculate a(10).
-700
Let u(l) = 14506*l - 14510. Calculate u(1).
-4
Let l(y) = -177*y**2 - 1344*y + 2. What is l(-8)?
-574
Let o(r) = -r**2 + 205*r - 9635. Determine o(72).
-59
Let k(s) = -s**3 - 126*s**2 - 2481*s + 4454. What is k(-101)?
10
Let o(j) = -17*j**2 - 3359*j - 13427. What is o(-4)?
-263
Let s(n) = -n**3 + 25*n**2 - 142*n - 185. Determine s(12).
-17
Let y(r) = 45*r**3 - 6*r**2 + 31*r + 89. Determine y(-4).
-3011
Let i(a) = 3*a**3 + 134*a**2 - 9*a + 1694. Determine i(-45).
74
Let j(o) = -3118*o + 15121. Determine j(5).
-469
Let a(p) = -p**3 + 18*p**2 - 88*p + 2533. Calculate a(20).
-27
Let v(x) = -2*x**2 - 84*x + 662. Give v(-47).
192
Let k(u) = 73*u**2 - 3302*u - 263. Determine k(46).
2313
Let w(y) = -y**3 - 99*y**2 - 741*y - 227. Determine w(-91).
956
Let k(h) = 22*h**2 + 23618*h + 12932. Calculate k(-1073).
56
Let m(l) = -l**3 + 26*l**2 - 30*l + 657. Calculate m(26).
-123
Let y(j) = -6841*j + 2305412. Determine y(337).
-5
Let a(k) = -3*k**2 + 3104*k + 44060. What is a(-14)?
16
Let b(i) = -i**2 + 1848765*i + 11092618. What is b(-6)?
-8
Let c(z) = 25*z - 166. Give c(81).
1859
Let v(r) = 1614*r**2 + 96841*r + 127. Calculate v(-60).
67
Let w(v) = -98*v + 106. Calculate w(1).
8
Let d(p) = 4*p**2 - 236*p + 1212. Calculate d(55).
332
Let m(t) = t**2 - 54*t - 12155. Give m(-88).
341
Let u(t) = -t**3 - 92*t**2 - 15*t - 509. Calculate u(-92).
871
Let d(l) = 10962*l + 109627. Give d(-10).
7
Let f(q) = q**3 + 87*q**2 - 260*q + 278. Determine f(-90).
-622
Let i(t) = -4*t**2 - 2178*t - 17416. Determine i(-8).
-248
Let y(k) = -2*k**2 + 9941*k - 1097797. Give y(113).
-2
Let v(y) = -22*y**2 + 280*y + 2589. What is v(-10)?
-2411
Let k(a) = 912*a + 166907. Calculate k(-183).
11
Let q(w) = -1299*w - 74383. Calculate q(-57).
-340
Let h(u) = 2*u**3 + 45*u**2 + 55*u - 2144. What is h(-11)?
34
Let y(z) = -87*z**3 - 7*z**2 + 4. What is y(1)?
-90
Let z(t) = -4*t**2 - 687*t - 3755. Give z(-166).
63
Let q(o) = -o**3 - 27*o**2 - 146*o - 427. Determine q(-21).
-7
Let f(b) = 174*b + 5274. Calculate f(-37).
-1164
Let w(o) = o**3 + 28*o**2 + 80*o + 996. Give w(-24).
1380
Let b(c) = c**2 - 233511*c + 2568497. Calculate b(11).
-3
Let g(l) = 54*l**2 - 1634*l - 1685. What is g(-1)?
3
Let i(b) = -4*b**3 + 428*b**2 - 826*b - 1471. What is i(105)?
-1
Let s(b) = -25*b**3 + 7*b**2 - 1748*b + 10413. Determine s(6).
-5223
Let x(v) = 19438*v + 1555049. What is x(-80)?
9
Let u(z) = 424*z + 5567. Give u(-11).
903
Let r(f) = 4956*f + 371753. Give r(-75).
53
Let k(f) = 396987*f - 2779032. Give k(7).
-123
Let x(s) = -s**3 + 11*s**2 + 1514*s - 9276. Determine x(6).
-12
Let c(i) = 26*i**2 - 366*i + 698. Give c(12).
50
Let h(k) = -3374*k + 39582. Determine h(12).
-906
Let m(n) = 9979*n + 39991. Determine m(-4).
75
Let w(s) = 19*s**3 + 185*s**2 - 40*s - 30. Determine w(-10).
-130
Let s(g) = 13*g - 326. Calculate s(63).
493
Let f(h) = 53*h**2 - 1250*h - 34799. Determine f(40).
1
Let n(m) = -2*m**3 - 144*m**2 - 1245*m - 12. What is n(-10)?
38
Let v(g) = 34258*g - 548079. Give v(16).
49
Let d(m) = -9*m**3 - 71*m**2 - 130*m - 537. Give d(-7).
-19
Let z(y) = -3*y**3 - 4525*y**2 - 137388*y + 119. What is z(-31)?
-5
Let m(q) = -4975*q + 20047. Determine m(4).
147
Let r(a) = -a**3 - 216*a**2 - 10690*a + 1836. Give r(-139).
29
Let y(a) = 29975*a + 1228969. Give y(-41).
-6
Let n(u) = 210*u + 2215. Determine n(-14).
-725
Let x(k) = 60089*k + 300443. Calculate x(-5).
-2
Let u(n) = 11*n**3 + 68*n**2 + 22*n + 19. Give u(-6).
-41
Let m(q) = -273*q + 31959. Determine m(117).
18
Let a(l) = l**3 + 2*l**2 - 34*l - 54. What is a(-6)?
6
Let c(h) = 12*h**2 - 4069*h + 97951. Determine c(313).
-18
Let a(v) = -v**3 - 21*v**2 + 4822*v + 118078. What is a(-25)?
28
Let g(u) = -3*u**3 + 9*u**2 + 100*u - 69. Determine g(-5).
31
Let p(g) = 11*g**2 - 16*g - 21. What is p(-7)?
630
Let k(h) = 3*h**3 + 71*h**2 + 40*h + 1382. Determine k(-24).
-154
Let i(p) = 2*p**2 + 8563*p - 94455. What is i(11)?
-20
Let g(y) = -6*y**3 + 102267*y - 102267. Calculate g(1).
-6
Let l(c) = -11386*c - 4975671. Give l(-437).
11
Let l(o) = -o**3 + 35*o**2 + 107*o - 2535. Determine l(36).
21
Let u(g) = -66691*g + 200099. Calculate u(3).
26
Let a(z) = -2*z**2 - 319*z - 4560. What is a(-138)?
1374
Let t(x) = 197*x + 3037. What is t(-16)?
-115
Let q(z) = -842*z + 16016. What is q(19)?
18
Let x(j) = -3429*j - 10186. Determine x(-3).
101
Let d(t) = -2*t**3 - 108*t**2 - 954*t - 115. Give d(-11).
-27
Let z(x) = 76*x**2 - 2924*x + 9240. What is z(35)?
0
Let a(i) = 21*i**2 - 387*i + 295. Determine a(17).
-215
Let a(g) = 93260*g + 4569733. Give a(-49).
-7
Let n(f) = -563*f - 96792. What is n(-172)?
44
Let l(u) = 6829*u + 41031. What is l(-6)?
57
Let l(u) = u**3 + 64*u**2 + 98*u - 213. Give l(-62).
1399
Let c(w) = -2449*w - 19801. Determine c(-8).
-209
Let j(r) = -161784*r - 161816. Determine j(-1).
-32
Let x(a) = a**2 + 60556*a + 242202. Give x(-4).
-6
Let q(m) = m**3 - 45*m**2 + 389*m - 449. What is q(37)?
2992
Let o(k) = -k**2 + 12498*k - 11076481. Calculate o(960).
-1
Let r(j) = 2*j**3 - 100*j**2 - 1795*j + 74. Determine r(64).
-118
Let t(j) = -j**3 + 35*j**2 + 262*j + 190. Calculate t(-8).
846
Let l(s) = 264*s - 902. What is l(3)?
-110
Let o(m) = 3*m**3 - 4757*m**2 - 9511*m + 10. What is o(-2)?
-20
Let c(h) = 2*h**3 - 49*h**2 - 200*h - 64. What is c(28)?
-176
Let g(v) = v**3 + 17*v**2 + 15*v - 199. What is g(-18)?
-793
Let t(o) = -o**3 - 37*o**2 + 260*o + 84. What is t(-43)?
-2
Let f(u) = -23724*u - 355869. What is f(-15)?
-9
Let n(m) = -10137*m + 276. Give n(0).
276
Let c(d) = 627238*d + 33870849. What is c(-54)?
-3
Let t(h) = -30407*h + 1550748. Give t(51).
-9
Let o(s) = -2*s**3 - 145*s**2 + 75*s - 212. What is o(-73)?
-358
Let v(a) = -68165*a - 2590204. What is v(-38)?
66
Let i(m) = 45*m**2 - 197*m - 148. Calculate i(-1).
94
Let s(k) = -k**3 - 19*k**2 + 2765*k + 348. Calculate s(44).
40
Let m(o) = o**2 - 258*o + 16287. Determine m(148).
7
Let k(b) = -1940*b - 239003. Calculate k(-123).
-383
Let u(s) = -37503*s - 337526. What is u(-9)?
1
Let s(x) = -x**3 + 55*x**2 - 273*x - 946. Determine s(49).
83
Let d(y) = 2*y**3 + 132*y**2 - 1672*y + 1608. What is d(-77)?
-86
Let p(t) = -6*t - 590. Give p(-34).
-386
Let s(g) = -38*g**3 - 154*g**2 - 2*g + 29. What is s(-4)?
5
Let u(m) = 19333*m + 290079. Determine u(-15).
84
Let y(f) = 2*f**3 + 137*f**2 - 316*f + 273. Calculate y(-71).
-2496
Let z(y) = -373*y**2 + 123470*y - 2307. Determine z(331).
10
Let h(w) = -w**3 - 42*w**2 + 1006*w + 178. Calculate h(-59).
1
Let w(s) = -1298*s + 39559. Give w(30).
619
Let n(p) = -8*p**2 + 767*p - 17735. What is n(57)?
-8
Let x(s) = -33*s**2 - 40496*s - 40500. What is x(-1)?
-37
Let y(c) = -49*c**2 + 77*c - 322. Give y(4).
-798
Let k(j)